2 - 3. Let j be x(0). Let a be (-5 - j)/(1/(-1)). Suppose 3*d = -a*w, -5*d = -5*w + 14 + 11. Give q(d).
5
Let n be (0 + 8)*(-21)/(-28). Let b(x) = 3 - x - 2 - n*x**2 - 7*x**2 + 3*x**2. Determine b(1).
-10
Let l be (-1)/(0 + 1/(-2)). Let c = l - 5. Let w(s) = -3*s + 8*s - 6*s. Give w(c).
3
Let o(c) = -c**3 + 16*c**2 + 17*c - 5. Let w be o(17). Let r(p) = 3*p - 1. Determine r(w).
-16
Let h(z) = z**3 + 3*z**3 + 10 - 10 + z. Determine h(-1).
-5
Suppose -18*f - 6 = -16*f. Let x(o) = -o + 7. Let k(g) = -1. Let n(d) = 5*k(d) + x(d). Calculate n(f).
5
Let t be ((-2)/4)/((-6)/(-84)). Let d(q) = -q**2 + q + 1. Let b(s) = s + 1. Let l(n) = t*b(n) + 6*d(n). Give l(-1).
-6
Let f(o) = 6*o + 2. Let i(v) = 11*v + 3. Let x(r) = 5*f(r) - 3*i(r). Let s(b) = 2*b**2 - 2*b + 1. Let t be s(1). Determine x(t).
-2
Let l(a) = -a**3 + 3*a**2 - 2*a + 2. Let t(f) = f + 11. Let c be t(-8). What is l(c)?
-4
Let r(b) be the third derivative of -11*b**6/120 - b**3/6 - b**2. Suppose 5 = -2*h + 5*m, -3*m - 11 = 2*h - 6*h. Suppose -u + 4 = -h*u. Give r(u).
10
Let v(l) = 11*l**2 - l + 2 - 2*l**2 - 3. Let p(d) = 4*d - 48. Let m(s) = -s + 12. Let f(a) = -9*m(a) - 2*p(a). Let w be f(11). What is v(w)?
9
Let v(d) = 3*d + 19. Let i be v(-8). Let q(w) = w**3 + 6*w**2 + 5*w + 5. What is q(i)?
5
Suppose 6*l = 1 + 5. Let d(w) = -13*w**3 + 1. Give d(l).
-12
Suppose a + 5*b = 13, 4*a - 25 = -a - 5*b. Suppose 0 = 4*w + 17 + a. Let n(m) = m**2 + 6*m + 4. Give n(w).
-1
Let c be (0 + (0/2 - 0))/1. Let g(m) = -m - 12. What is g(c)?
-12
Let s(h) be the first derivative of -1/2*h**2 - 4*h - 1/3*h**3 - 3. Give s(0).
-4
Let t(l) = l - 2. Let b(z) = -z**2 - 2*z + 3. Let c be b(-3). Give t(c).
-2
Let s(a) = a**2 - 5*a + 6. Let z be ((-27)/(-4))/3*-4. Let q be 42/9 + (-3)/z. Give s(q).
6
Let x(y) = y - 6. Let v(t) = -2*t + 12. Let l(o) = -2*v(o) - 5*x(o). Calculate l(6).
0
Let f(b) = 3*b - 2. Let x(d) = -d**3 - 4*d**2 + 4*d - 1. Let v be x(-5). Suppose k = 4*g + 6, -3*k - g + 19 - 1 = 0. Let p = v - k. What is f(p)?
-8
Let m(b) be the first derivative of b**4/4 + b**3 - 3*b**2/2 - b - 9. Determine m(-4).
-5
Let v(h) = -h**2 + 2*h - 1. Let u be v(1). Let w(s) = -4*s - 66 + 73 + 5*s. Determine w(u).
7
Suppose -25 = -5*u - 0*u. Let v(b) = b**3 - 5*b**2 - 7. Calculate v(u).
-7
Suppose -2*m = 3*m + 3*n - 32, -2*n = -4*m + 30. Let s(y) = y**2 - 9*y + 8. Determine s(m).
-6
Let c(h) be the second derivative of 2*h**3/3 + 2*h**2 + 42*h. Give c(-5).
-16
Suppose -5 = 5*a - 10. Suppose 10 = -5*i, -2*i + a = -w - 0*i. Let x(t) be the third derivative of t**4/24 - t**3/2 + t**2. Give x(w).
-8
Let p(c) = -2*c - 2. Let a be -10 + 7 - (0 - -1). Determine p(a).
6
Let l(h) be the first derivative of -h**2 - 6*h + 12. Calculate l(-5).
4
Let a be (-1 - -2) + 44/(-11). Let m(v) = 4 - 5*v - 1 + 2*v - v. What is m(a)?
15
Suppose -5*f = -11 - 9. Let o(z) = 3*z**3 + 2*z**2 - 7*z. Let w(b) = -b**3 + b**2 + b - 1. Let g(u) = f*w(u) + o(u). What is g(5)?
6
Suppose -3 = 5*p - 6*p. Let z(k) = k**p - 5*k + 0*k - 3*k**2 + 4 + 0*k**2. Calculate z(3).
-11
Let v(o) = -4*o**2 - 8*o**3 - 3*o**3 + 10*o**3 + 1 + 1 + 5*o. Determine v(-5).
2
Let p = -26 - -28. Suppose 0 = 5*c + p*y + 3*y - 20, -y = 4*c - 1. Let x(r) = r**2 + r + 1. Determine x(c).
1
Suppose -5*u + 1 = -j - 11, 4*u = 8. Let x be (0 - -2) + j - 0. Suppose -v + 2 = -2*l, l + 2*v + 11 = -x*l. Let s(k) = k**3 + 2*k**2 + 3. Calculate s(l).
-6
Let l = 4 + -3. Let k = 3 - l. Let z(s) = -s**3 - 3*s**2. Let t(n) = 5*n**3 + 13*n**2 + 1. Let g(d) = 2*t(d) + 9*z(d). What is g(k)?
6
Let u(f) = -f**3 - 5*f**2 - 4*f - 6. Let y be u(-4). Let n(b) = -2*b - 1. Determine n(y).
11
Let h(j) = j - 17. Let q be h(18). Let z(a) = -5*a**3 + 3*a**2 + 2*a - 3. Let s(i) = 11*i**3 - 7*i**2 - 5*i + 7. Let v(d) = -2*s(d) - 5*z(d). Give v(q).
3
Let v(r) = -r - 2. Suppose -4*g + 0*g = -60. Suppose 2*p + 9 = 4*p - 3*a, 5*a = -g. Determine v(p).
-2
Let d(q) = q**3 + 5*q**2 + q. Suppose 0 = -4*t + 21 - 109. Let f be t/5 - 9/15. Give d(f).
-5
Let f(a) be the third derivative of -a**8/6720 + a**5/40 + a**4/12 + 3*a**2. Let j(h) be the second derivative of f(h). Calculate j(0).
3
Let d be 3/(6/(-4) + 0). Let f(x) = x. Let u(z) = -5*z + 5. Let h(v) = 3*f(v) - u(v). Let r(o) = -15*o + 9. Let n(m) = -9*h(m) - 5*r(m). What is n(d)?
-6
Let i(f) = f**2 + 7*f + 2. Let u be i(-7). Let o(x) = -4 - 2*x**2 - u*x**3 + 0*x**2 + 2. Calculate o(-2).
6
Let q(x) = x**3 + 5*x**2 + 3*x + 3. Let t = -15 + 11. Let c be q(t). Let m(a) = 2*a**2 - c*a**2 - 5*a - 4 - a**3 + 1. Give m(-3).
-6
Let b(o) be the first derivative of o**3/3 + o**2/2 - o - 13. Calculate b(2).
5
Let c = -35 + 37. Let u(n) = -n**3 + n**2 - 2*n. What is u(c)?
-8
Let l(o) = 5*o**2 + 6*o + 4. Let v(r) = -4*r**2 - 5*r - 3. Let d(p) = -5*l(p) - 6*v(p). Let m be ((1 + -1)/(2 - 0))/(-2). Calculate d(m).
-2
Let d(b) = -6 + 7*b + 142*b**3 + 15*b**2 - 141*b**3 - 7*b**2. Give d(-6).
24
Suppose 9 = -2*k + 5*k. Let u(f) = 2*f**2 - 4 + 5 - 3 + f - 5*f + f**k. Determine u(-3).
1
Let i be (0 - -4)/((-2)/(-3)). Suppose 3*h = 2*v + 6*h - 16, 40 = 5*v - h. Let f(j) = 8*j + 2 - j - v*j. Calculate f(i).
-4
Let v(a) be the first derivative of -a**6/120 + a**5/12 - a**4/24 + 5*a**3/6 + 3*a**2/2 - 1. Let s(c) be the second derivative of v(c). Give s(5).
0
Let i(j) be the third derivative of -j**6/120 + j**5/10 - j**4/24 + 7*j**3/6 - 4*j**2. Suppose 2*l - 7 = 5*a, -2*l = -a - 2*a - 9. Calculate i(l).
1
Let x(g) be the first derivative of -g**4/12 + g**3/3 + 2*g - 2. Let o(u) be the first derivative of x(u). Let c = -2 - -6. Calculate o(c).
-8
Let i(d) = 2*d - 1. Let k(p) = -3*p - 12. Let o be 2/(-4) + 9/(-2). Let g be k(o). Calculate i(g).
5
Let v(b) = b - 2. Let r be v(5). Suppose -1 - 8 = -r*h. Let x(o) = -o**2 - 4*o**2 - 2*o + h*o**2 - 1. What is x(-1)?
-1
Let t(m) = -m + 2. Let v(u) = -5 + u - u + 4*u - u. Let r(b) = 5*t(b) + 2*v(b). Give r(-1).
-1
Suppose h + 0*h = 0. Let w(g) = g - 4 - 7 + h*g + 2. Determine w(0).
-9
Let i(j) = -j**2 + j + 1. Let p(c) = c**2 - 2*c - 1. Let y(w) = -3*i(w) - 2*p(w). Let m be y(0). Let v(g) = -4*g**2 + g. Give v(m).
-5
Let s be 46/(-10) - 12/30. Let f be (s/2)/(3/(-6)). Let w(j) be the first derivative of -j**4/4 + 4*j**3/3 + 5*j**2/2 - 2*j - 2. What is w(f)?
-2
Let y(k) = -8*k**2 + 2 + 3*k**2 - k**3 + 6*k**2. Calculate y(2).
-2
Let j = 0 - 2. Let g(t) be the second derivative of -t**6/120 + t**4/12 - t**3/6 + t**2 - t. Let u(k) be the first derivative of g(k). Give u(j).
3
Let k = -17 + 13. Let q(v) = v**3 + 4*v**2 + 3. Calculate q(k).
3
Let r(s) = -s**2 + 9*s - 12. Let k = -13 + 21. Calculate r(k).
-4
Let o = 121 - 124. Let a(w) = -4*w + 2*w - w**2 - 4 + 0*w**2. Determine a(o).
-7
Let d(q) be the first derivative of 0*q**2 + 1 - 8/3*q**3 + q. Suppose w + 3*u = -w - 13, 0 = -2*u - 10. Determine d(w).
-7
Let j(n) = -n + 1. Suppose 0*q - 3*q = 0, -t + q + 16 = 0. Let p be t/(-3) - (-4)/(-6). Give j(p).
7
Suppose n + 0 = 2. Let w(p) = -5 - 3*p**n + p**3 + 1 + 0 + 3. Calculate w(2).
-5
Let t be (2 - 0)/1 + 2. Let l(z) = t - 5 + 6*z - 3*z. Let p = 0 + 3. What is l(p)?
8
Let g(o) = -3*o + 2. Let q = 4 + -4. Suppose -4 = -q*d - 2*d. Give g(d).
-4
Let x(z) = z - 2. Suppose -5*d = -y + 4*y - 27, 3*y - 15 = -d. Let g be (-1)/4 - (-1)/y. Suppose 3*m + m = g. Determine x(m).
-2
Let x(f) = f**2 + 15*f - 2. Let k be x(-15). Let s(i) = i**2 + 3*i + 2. Give s(k).
0
Let y(q) be the first derivative of -3 + 1/4*q**4 + 1/2*q**2 + q**3 + 4*q. Determine y(-3).
1
Let p(y) = -y - 6. Let a(w) = w. Let n(o) = -2*a(o) - p(o). Let g be -5 + 3 + -2*1. Let v = g - -10. What is n(v)?
0
Let z(i) = i**3 + 9*i**2 - 10*i + 2. Let u be z(-10). Suppose -u*k - k = 6. Let s(c) = -c**2 + c. What is s(k)?
-6
Let s(o) = 2*o - o + 26*o**2 + 11 - 11*o**2 - 14*o**2. Determine s(0).
11
Let v(m) = m**2 + 2*m - 4. Suppose -5*k = -3*q + 42, 4*q = 4*k - 0*q + 40. Let i = -10 - k. Determine v(i).
4
Let g be (-26)/(-10) - 4/(-10). Let t = 9 - g. Let p(b) = -b**3 + 7*b**2 - 4*b - 8. Calculate p(t).
4
Let u(o) = o**3 - 3*o**2 + 3*o - 2. Let l be 1 - (-3 - 1*-2). Suppose 9 = 5*r - l*r. Suppose -2*q + 1 + r = 0. Give u(q).
0
Suppose -4*s = x + 6, 4 = 3*s + 10. Let p = x + 3. Let g(u) be the first derivative of u**3/3 - 3*u**2 + 6*u - 1. Determine g(p).
1
Suppose -3*o - 1 = 11. Let z(w) = -1 + 3*w + 5 - 